142 = w*x. List the prime factors of x.
79
Suppose -5*d = -146 + 6. Suppose -d = -n - v - 4*v, 5*n - 30 = -3*v. List the prime factors of 1 + (2 - (n + -33)).
3, 11
What are the prime factors of (19104/60)/(-1 + (-6)/(-5))?
2, 199
Suppose 9 = 2*r - l - 0*l, -2*l = 2. Let h(v) = -v**3 + 7*v**2 - 5*v + 3. List the prime factors of h(r).
31
Let i(w) be the first derivative of w**3/3 + 17*w**2/2 + 2*w + 9. Let x be i(-15). Let n = x + 30. List the prime factors of n.
2
Let t(n) = -27*n**2 - 6*n - 7. Let p = 18 - 11. Let w(j) = -18*j**2 - 4*j - 5. Let i(l) = p*w(l) - 5*t(l). What are the prime factors of i(-2)?
2
Suppose 5*w - 4299 = 4121. Suppose w = 10*l - 16. List the prime factors of l.
2, 5, 17
Let x(q) = -q**2 + 8*q + 3. Let k be x(8). Suppose -4*h - k*z + 188 = 0, -2*z - 3*z = h - 30. What are the prime factors of h?
2, 5
Let j be 566/(-8)*(27 - 31). Suppose 3*y - 3*b = -7*b + j, 5*y = -2*b + 453. What are the prime factors of y?
89
Suppose 0 = 4*w - 19 - 25. Let g = w - 9. List the prime factors of 7 - (-2 - -3 - g).
2
Suppose 5*d - 15 - 1 = -4*u, 0 = 4*d. Let k be u/6 - (-4)/(-6). Suppose 2*j = -k*j + 52. List the prime factors of j.
2, 13
Let h = 2283 - 1477. What are the prime factors of h?
2, 13, 31
Suppose 0 = 11*r + 13*r - 1104. What are the prime factors of r?
2, 23
What are the prime factors of ((-152350)/11)/(-10) - 6?
7, 197
Suppose -c - 31 + 4995 = 0. List the prime factors of c.
2, 17, 73
Let w(c) = -c + 14. Let p be w(11). Suppose 17 = p*v + 8. Suppose -111 = -v*x - q - 2*q, -4*q = -4*x + 108. List the prime factors of x.
2
Let h be 1 - 2 - (-198)/11. Suppose -2*l = h + 27. List the prime factors of (-133)/38*l/1.
7, 11
Suppose -2*b - a + 4 = a, -b - 4*a + 8 = 0. Let j be (25/(-10))/(1/(-2)). Suppose b*t + j*t = 5*d, -2*d + 2 = -t. What are the prime factors of t?
2
Let f be ((-8)/4)/(3/(-3)). Suppose 0 = -2*y + p + 18 - 4, 2*y + 2*p - f = 0. Let d = 72 - y. What are the prime factors of d?
67
Suppose -2*o = 2*p + 6, o = 4*p - 2*o - 23. Suppose -2*h = -3*v + 229, -v - p*h + 76 = -3*h. Let j = -54 + v. List the prime factors of j.
23
Let g(c) = 25*c**2 + 5*c + 35. List the prime factors of g(-4).
5, 83
Suppose 0 = 4*s + x + x - 26, -s - 11 = -3*x. Suppose 0 = -i - o + 12, 5*i - 4*i - 27 = -s*o. Suppose k - 336 = -i*k. What are the prime factors of k?
2, 3, 7
Let l = 22 - 20. Suppose 53 = l*b + 5*q - 68, 4*b + 5*q = 237. What are the prime factors of b?
2, 29
Suppose i + 4*k = 1986, -5*i + 3*k = -k - 10026. What are the prime factors of i?
2, 7, 11, 13
Suppose -3*g + 442 = 4*c, -2*c + 58 + 164 = g. What are the prime factors of c?
2, 7
Let s = 363 - 201. Suppose -13*o + s = -1658. What are the prime factors of o?
2, 5, 7
Suppose -c + 6*c - 119 = 4*a, 74 = 3*c - 5*a. Suppose 3*k - 28 - c = 0. What are the prime factors of k?
17
Suppose 0*d - d - 14 = 0. Let t = 11 - d. What are the prime factors of t*(-5)/((-25)/9)?
3, 5
Let k(c) = 474*c**2 - 7*c + 17. What are the prime factors of k(2)?
3, 211
Suppose -m + 788 = 3*u, -3*m - 2*u + 1686 + 692 = 0. What are the prime factors of m?
2, 397
Suppose -6*l + 750 = m - 7*l, -m + 766 = 3*l. What are the prime factors of m?
2, 13, 29
Suppose 0 = -5*l + 2 - 2. Suppose 4*c - 334 + 78 = l. What are the prime factors of c?
2
Let w(b) = -b**2 + 9*b - 8. Let j be (3 - 2) + (-2 - -10). Let u be w(j). List the prime factors of 12/6 - (2 + u).
2
Suppose 2*o - 2*v = 0, -4*o = -3*o + 4*v - 25. List the prime factors of o + ((-10)/(-5) - 1).
2, 3
Let j = 36 - 35. List the prime factors of j/(-4) + 522/8.
5, 13
Let l(m) = m**3 + m**2 - 2*m + 1. Let v(r) = r**2 - 5*r - 2. Let f be v(3). Let w = 10 + f. What are the prime factors of l(w)?
3
Let m(l) = -l**3 + 9*l**2 - 8*l + 4. Let x be m(8). Let a(h) = 7*h - 17. Let o(u) = -4*u + 9. Let d(k) = -6*a(k) - 11*o(k). What are the prime factors of d(x)?
11
Let r be 13/(-13) - (-2)/2. Let f(i) = i**2 - 10 + r + 5 + i + 0. What are the prime factors of f(6)?
37
Let d(l) = -101*l - 18. Let u(j) = -50*j - 9. Let q(m) = -6*d(m) + 13*u(m). List the prime factors of q(-2).
79
Let a(k) be the second derivative of -k**3/2 - 15*k**2/2 - 2*k. Let t(v) = v + 8. Let s(z) = -5*a(z) - 9*t(z). What are the prime factors of s(2)?
3, 5
Let z(n) = n**3 - 11*n**2 - 12*n + 8. Let k be z(12). Let y be (2/(-3))/((-6)/81). Suppose 0 = 8*i - y*i + k. List the prime factors of i.
2
Suppose 2*d - 111 = -3*j, d - 104 = -5*j + 74. Suppose -5*v - m + 6*m + j = 0, -2*v - 5*m - 21 = 0. What are the prime factors of 0 - -1*(v + 0)?
2
Let i = 208 + -104. Suppose -5*v + 338 = y, -4*y = 4*v - 160 - i. List the prime factors of v.
2, 17
Let x = 237 - 141. Suppose k - 2*f - x = 14, 0 = -k + 5*f + 110. List the prime factors of k.
2, 5, 11
Let w be 5 + 6/(-12)*0. Let p(i) = 2*i**2 + 8*i. What are the prime factors of p(w)?
2, 3, 5
Let a(y) = 2*y**3 - 18*y**2 - 10*y + 64. What are the prime factors of a(13)?
2, 643
Suppose 5*u - 2*y = 673, 0 = 3*u + 12*y - 13*y - 404. List the prime factors of u.
3, 5
Let b = 95 - 90. Suppose b*g - 544 = -14. What are the prime factors of g?
2, 53
Let o(f) = 2*f**2 - 7*f + 9. Let x be o(2). Suppose -6*j + 4*j = -6, 0 = 5*z + 4*j + 3. What are the prime factors of x/((-9)/(-42)) - z?
17
List the prime factors of (-120)/3*(-16)/20*14.
2, 7
Suppose -25435 = -8*u - 9075. What are the prime factors of u?
5, 409
Suppose -o - 3*i + 5*i - 3 = 0, 4*i - 11 = o. Suppose o*y - 346 = -6. List the prime factors of y.
2, 17
Let y = -465 - -2293. What are the prime factors of y?
2, 457
Suppose 3*c - 65 = -r, -4*c + 4*r - 5 = -113. Let g = c + -27. List the prime factors of 106/g*(0 + -2).
53
Let m(w) = -w**3 - 13*w**2 + 12*w - 23. Let u be m(-14). Suppose -5*l + 3*j + 607 = 0, -3*l - u*j = -j - 341. List the prime factors of l.
7, 17
Suppose -20 = -4*l - 0*l. Suppose -3*k + 75 = 4*h, -5*k - l = -5*h + 45. Suppose 3*a + h = 4*a. What are the prime factors of a?
3, 5
Suppose 3*k - 2*w = 19 - 3, -k + 2*w = 0. Suppose -3*m = -k*m + 635. List the prime factors of m.
127
Suppose -5*h - 7 - 38 = 0. Let d = h + 10. Suppose -15 + 90 = 3*v - 3*u, 0 = -u - d. What are the prime factors of v?
2, 3
Let q = -24 + 26. Suppose 0 = -q*o - 3*o + 90. List the prime factors of o.
2, 3
What are the prime factors of 10/(-40)*-6890*(2 - 0)?
5, 13, 53
Let q = 511 + 101. Suppose 3*u + u - q = 0. List the prime factors of u.
3, 17
Let u = -32 + 57. Suppose -2*i - 25 = -5*k - 0*i, -4*k + 43 = 3*i. Suppose 2*j - k*j + u = 0. What are the prime factors of j?
5
Let r = 5 + -8. Let q be -3 - (-1 - -4)/r. List the prime factors of (12/15)/(q/(-10)).
2
Let c = -29 + 30. Let w(i) = 68*i**3 + i**2 + 2*i - 2. What are the prime factors of w(c)?
3, 23
Suppose h - 40 = 37. Suppose -133 - h = -n. List the prime factors of n.
2, 3, 5, 7
Let n = 2767 + -1924. List the prime factors of n.
3, 281
Let r(p) = 2*p**2 + 2*p - 2. Let m be r(1). Suppose m*j - 521 + 127 = 0. List the prime factors of j.
197
Suppose 6*v - 32 = -2. Suppose 9*c = 4*c - v, -3*d + 4*c + 10 = 0. Suppose -5*j + d*h + 14 = 0, -2*h - 8 = -4*j + 2. What are the prime factors of j?
2
Suppose 3*a = -0*a + 189. Let m be 7 + (-40 - -7) + -7. Let t = a + m. What are the prime factors of t?
2, 3, 5
Let w = 31 + -38. Let d(f) = -f**3 - 9*f**2 - 15*f - 4. List the prime factors of d(w).
3
Suppose 0 = 5*c - 0*c. Let b(a) = -2*a + a + c*a. What are the prime factors of b(-4)?
2
Let p(a) = 2*a - 10. Let x be p(7). Suppose h - 510 = -2*t - h, -t = -x*h - 235. List the prime factors of t.
251
Let w = 52 - -50. Let v = w - 87. What are the prime factors of v?
3, 5
Let d be 10/25 - ((-308)/5 + 0). Suppose 3*h = d - 2. List the prime factors of h.
2, 5
Suppose 0 = 12*o - 7*o. Suppose o = -9*y + 719 + 433. List the prime factors of y.
2
Let n(q) = q + 14. Let f(o) = o**2 - 6*o - 6. Let z be f(5). Let v be n(z). Suppose 44 = v*p + p - 2*i, -5*i = -4*p + 44. List the prime factors of p.
11
Let r(c) = 8*c - 11. Let f be (7/2)/((-9)/(-18)). What are the prime factors of r(f)?
3, 5
Suppose 0 = 12*b - 50492 - 4576. List the prime factors of b.
13, 353
Suppose 3*f - w = 1654, -5*w = f - 0*f - 562. List the prime factors of f.
2, 3, 23
Suppose 0 = -10*q + 12*q. Suppose q = s - 124 + 5. What are the prime factors of s?
7, 17
Let v be 4*((-3)/(-6))/(-1). What are the prime factors